-5*h + 4. What is j(s)?
-21
Let i(y) = -y**2 + 8*y - 5. Let r = -24 - -40. Let p be 3/(-5)*16/r*-5. Suppose p*o + 2*v - 14 = 0, -4*o + 3*v + 26 = 2*v. Determine i(o).
7
Let w(v) = -2*v. Let m(p) = -p. Let h(c) = m(c) - w(c). Let n = 23 + -21. Suppose -3*t = -5*f - 10 - 33, -f = n*t - 7. What is h(t)?
6
Suppose 4*u - 79 = 21. Suppose c + u = 4*c + p, c - 23 = -4*p. Suppose c*q = 8*q. Let k(l) = l - 6. Determine k(q).
-6
Let c(n) = -2 - n + 0*n + 5 - 1305*n**2 + 1270*n**2 + 0*n. Give c(1).
-33
Suppose j - 5*b + 18 = 0, 3*j = j - 5*b + 24. Let g(i) = -9*i + 3 - 2 + 0 + 13*i - i**j. Let o be (1 - -5) + -3 + 1. Give g(o).
1
Let m(y) be the first derivative of -3*y**2 - 45*y - 6575. Give m(-5).
-15
Let k(f) be the second derivative of -8*f**3/3 - f**2/2 + 714*f - 1. What is k(-7)?
111
Let z(o) = o**2 + 9*o + 8. Suppose -545 = -3*p - d - 3*d, 4*d + 680 = 4*p. Suppose 0 = 16*u - 41*u - p. What is z(u)?
-6
Let f(v) = -3*v + 20. Let u be (1/(-3)*-24)/2. Let h be f(u). Let j(q) = q**3 - 9*q**2 + 6*q + 2. What is j(h)?
-14
Let l(j) = 0*j + 9*j + 5 + 52*j**2 - 103*j**2 + 3*j + 52*j**2. What is l(-11)?
-6
Let q(y) be the second derivative of -1/12*y**4 - 5/6*y**3 + 5/2*y**2 + 207*y + 0. Calculate q(-9).
-31
Let q(z) be the first derivative of 4*z**3/3 + z**2/2 - z - 207. Let y be 1/(0 - (-2)/2). What is q(y)?
4
Let n be 84/(-21) - ((-21)/(-14))/((-3)/8). Let g(z) = -z**2 - 2*z - 1. What is g(n)?
-1
Let k(n) = -n**2 + 15*n - 50. Let v(x) = 7*x**2 - 213*x - 117. Let z be v(31). Give k(z).
6
Let m(c) = 136*c**2 + 12*c - 31. Let l(h) = -163*h**2 - 12*h + 32. Let f(v) = 5*l(v) + 6*m(v). What is f(-12)?
-26
Suppose -3*g - 9*g = -36. Suppose g*f + 3*q = 5*f - 5, -f - 5 = -4*q. Let o(x) = x - 11. What is o(f)?
-4
Let f(i) be the first derivative of -3*i**2/2 - 4*i - 3. Suppose 7*b + 12 = 2*j + 3*b, -b = -4*b. Calculate f(j).
-22
Let x(d) = -2*d**2 + d. Let z be 162/45 - 3*(-2)/15. Suppose 5*t = 2*k - 257, 200 = -z*t - 0*k - 4*k. Let n = 48 + t. Determine x(n).
-21
Let c(k) be the third derivative of 5*k**4/8 - 97*k**3/6 + 1330*k**2. Determine c(7).
8
Let p(d) = 2*d**2 + 6*d - 6. Suppose 0 = -12*q - 169 + 133. Determine p(q).
-6
Let b(s) = s + 1 + 5*s**3 + 6*s**3 - 2*s**3 + s**2. Let o = -141 - -147. Let q be (-13)/(-26) - 9/o*1. Calculate b(q).
-8
Suppose 0 = 3*s + 5*z + 14, z = 7 - 11. Let y(x) be the third derivative of 0 - 1/120*x**6 + 0*x + 1/30*x**5 - 11*x**2 + 0*x**3 - 1/12*x**4. Give y(s).
-4
Let s(w) = w**2 + 11*w + 9. Suppose 17*z + 51 = -17. Let c be ((-6)/z)/(51/340)*-1. Give s(c).
-1
Suppose 7*v = -1521 + 1493. Let b(l) = l**2 + 3*l + 20. Give b(v).
24
Let f = -666 - -688. Let q(v) = 6*v**2 - 131*v - 26. Give q(f).
-4
Let w(r) = -33 + 6*r**2 - 18 - 4*r**2 + 0*r**2 + 14. Determine w(-4).
-5
Let u be 13*(-19)/(-52) + 3/(-4). Let z(j) be the second derivative of 0 + 5/2*j**2 - 1/6*j**3 + j. Calculate z(u).
1
Suppose 3*j + 2*x = -0*x + 10, 0 = -2*j + x + 2. Let y(g) = 0*g**j - 10*g + 1 + g**2 + 5*g. Let b(m) = -2*m**3 + 15*m**2 + 9*m - 2. Let w be b(8). Give y(w).
7
Suppose 0 = -3*k - 12, -u + k + 6 = -0*u. Let x(g) = 7*g - 2. Let a = -368 - -370. Let v(n) = 9*n - 4. Let j(h) = a*v(h) - 3*x(h). Calculate j(u).
-8
Let s(n) = -n + 11. Let r(p) = -1. Let o(q) = 22*r(q) + 2*s(q). Suppose 0 = 5*y - 3589 + 3584. Give o(y).
-2
Let a(v) be the second derivative of v**8/6720 + v**7/360 - v**5/20 - 14*v**4/3 - 94*v. Let w(h) be the third derivative of a(h). Determine w(-7).
-6
Suppose 5*y - 20*w = -16*w + 48, -3*y + 14 = 5*w. Let z(n) = -n**3 + 7*n**2 + 8*n - 19. What is z(y)?
-19
Let t(n) = n**2 + 41*n + 309. Let b be t(-31). Let r(p) = 6*p - 19*p - p - 6*p. Calculate r(b).
20
Let k(o) = 2*o**3 + o**2 - 15*o + 12. Let s(x) = x**3 - x**2 - 2*x. Let j(d) = k(d) - 3*s(d). What is j(2)?
2
Let n = 582 - 317. Let g = 261 - n. Let q(d) = -d**3 - 7*d**2 - 6*d. What is q(g)?
-24
Let w(n) = -n**2 - 155*n - 25. Let q(r) = -12*r - 2. Let x(o) = -13*q(o) + w(o). Let v(y) = y**3 - 8*y**2 - y + 11. Let p be v(8). Calculate x(p).
-5
Let s(k) = 3*k**3 - 12*k**2 + 16*k + 27. Let x(t) = 4*t**3 - 18*t**2 + 24*t + 41. Let m(i) = -7*s(i) + 5*x(i). Determine m(-7).
9
Let n(w) = -32*w - 132. Suppose 3*j + 3 = 3*i, j + 5*i + 7 = -12. Calculate n(j).
-4
Let w = 42 - 39. Let k(a) = -3 + 1 + a - w + 8. Let n be (-8)/8 + (-3)/((-3)/5). What is k(n)?
7
Let c be ((-4)/10)/(-13 + (-819)/(-65)). Let z(u) = -u**3 + u**2 + 1. Let r(g) = -g**3 - g**2 - 2*g - 2. Let p(a) = -r(a) - 3*z(a). Give p(c).
3
Let y = -2005 + 2009. Let x(k) be the third derivative of -2*k**2 + 0*k - 5/24*k**4 + 0 + 1/120*k**6 - 1/30*k**5 + 1/3*k**3. Calculate x(y).
14
Let i(g) be the second derivative of g**5/20 + 3*g**4/2 + 7*g**3/2 + g**2 + 3*g + 82. Calculate i(-17).
-66
Let i be 7 - (224/8 + -1 + -6). Let w(c) = -17*c - 240. Determine w(i).
-2
Let c(v) = -3*v**2 + 22*v + 8. Let k(p) = -4*p**2 + 32*p + 12. Let x(m) = 7*c(m) - 5*k(m). Let w = -4 + 6. Let h(i) = -2*i**2 + 2*i. Let q be h(w). Give x(q).
4
Let s(v) = v**3 - 31 - 3*v + 4*v + 69 + 30*v**3 - 39. Calculate s(1).
31
Let l(g) = -82*g**2 - 7*g + 14. Let o(f) = 70*f**2 + 8*f - 13. Let j(z) = -6*l(z) - 7*o(z). Determine j(7).
7
Let r(q) = q + 1. Let i(d) = -3*d + 7. Let p(w) = i(w) + 4*r(w). Suppose 0 = 96*o - 88*o + 9376. Let l = -1179 - o. Determine p(l).
4
Let d(u) be the third derivative of -1 + 1/12*u**4 + 1/6*u**3 - 17*u**2 + 0*u. What is d(1)?
3
Let a = 180 - 169. Suppose 17 = -a*w - 38. Let m(i) = -3*i. Determine m(w).
15
Let s(h) = -287 - 109*h + 314 - 247. Give s(-2).
-2
Let p(c) = c**3 - 35*c**2 - 37*c + 50. Suppose 4*n + 1707*i - 176 = 1711*i, 2*i - 92 = -3*n. Determine p(n).
14
Let b(v) = 6*v + 2. Let m be (-1*(-90)/(-42))/(3/(-21)). Suppose -m*c = -25 - 35. Determine b(c).
26
Let t(r) = -3*r**2 - 12*r - 112. Let u(j) = -5*j**2 - 19*j - 168. Let s(d) = -8*t(d) + 5*u(d). What is s(0)?
56
Let u be (-10 - 1950/(-175))/((-4)/(-21)). Let k(m) = -3*m**2 - 4*m - 6. Determine k(u).
-138
Let t(z) = -3*z**2 + 36 - 34 + 2*z - 4*z**2 - z. Let j(h) = 6*h**2 - 1. Let m(w) = -3*j(w) - 2*t(w). Let r(p) = p + 2. Let x be r(-4). Determine m(x).
-13
Suppose -1 = -2*i - 9. Let k = 4 - i. Let p(s) = 6*s - k*s + 5*s. Determine p(2).
6
Let v(d) = -5*d + 61. Let x(p) = 2*p**2 - 98*p - 1310. Let s be x(60). Give v(s).
11
Let i(v) = -29*v - 3. Let p(k) = 30*k - 1. Let n(x) = -i(x) - p(x). Let l = -19 - -25. What is n(l)?
-2
Let a be (-5)/(-3)*4*(-1512)/16. Let y = 638 + a. Let u(h) = -h**2 + 9*h - 3. Give u(y).
5
Let y(l) = -2*l**3 + 5. Let p(h) = -h**3 + h**2 + 3. Suppose -4*d = -5*s + 22, -14 = 5*d + 1. Let x(z) = s*y(z) - 5*p(z). What is x(6)?
31
Let c(k) = 4*k + 64. Let p(w) = -34*w + 156. Let m be p(5). Determine c(m).
8
Let o(i) be the second derivative of -i**3/6 + 5*i**2/2 - i. Suppose 0 = 317*a - 1609 - 610. Calculate o(a).
-2
Suppose 1 = 2*p - i, -2*p - 4*i = -10 - 6. Let y = p + -1. Let n(r) = 1 + 1 + 0*r - 24*r**3 - r - r**2 + 22*r**3 - 1. Give n(y).
-3
Let q(r) be the second derivative of 1/20*r**5 - 1 + r**2 + 113*r + 1/6*r**4 + 5/6*r**3. Give q(-3).
-22
Let c(q) = 1 + 323*q - 8*q**2 - 314*q - 4*q**3 - 4*q**3. Determine c(1).
-6
Let c(d) = 3*d**2 + 18*d - 16. Let l(u) = -4*u**2 - 19*u + 17. Let y(h) = 6*c(h) + 5*l(h). What is y(5)?
4
Let x(p) = 14*p - 7. Let r be x(5). Let v = 38 - r. Let z = v + 24. Let f(j) = -12*j**2 + 1. Give f(z).
-11
Let f be 5 + (-30)/6 - 7. Let u(o) = 19*o + 131. Calculate u(f).
-2
Suppose 0 = -3080*l + 3065*l + 195. Let i(v) = -v**3 + 14*v**2 - 12*v - 4. What is i(l)?
9
Let j(b) = -11*b**2 - 2*b - 1. Let k be j(-1). Let r be (k - -9)/((-2)/6). Suppose -r = -2*d - 5*h, -39 = 5*d - 2*h - h. Let m(v) = 2*v. Calculate m(d).
-12
Suppose -117*p + 121*p - 9 = 3*k, -2*k + 79 = -31*p. Let j(o) = o. Let z(x) = -3*x**2 - 5*x + 1. Let r(h) = 2*j(h) + z(h). Calculate r(p).
-17
Let i be (-121)/(-44) + -3*21/36. Let w(p) = -36*p - 1. Let d(l) = 72*l + 3. Let f(v) = 2*d(v) + 5*w(v). Determine f(i).
-35
Let d(g) = 16 - 172*g - 7931*g**3 + 267*g - 35*g**2 + 7932*g**3. Calculate d(32).
-16
Suppose -37*v - 118 = 215. Let y(c) be the first derivative of -c**3/3 - 4*c**2 + 5*c - 11. Give y(v).
-4
Suppose -m + 1 - 6 = -r, 2*r - 3 = -5*m. Let c(g) be the first derivative of 23/3*g**3 - 30 + 0*g**2 + 0*g. What is c(m)?
23
Let k(h) = 38 - 579*h - 586*h - 16*h**2 + 